 s - 131. List the prime factors of z.
2, 31
Let s = -55 + 49. Let j(m) be the third derivative of m**5/60 - m**4/24 - 13*m**3/6 - m**2. List the prime factors of j(s).
29
Let d(r) = 13*r**3 + 1 - 3*r**3 - 9*r**3 + 17*r - 13*r**2. List the prime factors of d(12).
61
Suppose -5*c + 337 = -653. Suppose 3*g - c + 36 = 0. What are the prime factors of g?
2, 3
Let w be 1/(2 - 445/223). Let s = 496 - w. List the prime factors of s.
3, 7, 13
Suppose 26 = 4*q + 3*l, 2 - 4 = -2*q + 4*l. Suppose -5*t - 20 = 0, -t + 741 = q*d + 50. List the prime factors of d.
139
Suppose -6 = 3*c + 6*u - 2*u, 21 = 3*c - 5*u. Let i = -1 + 6. Suppose -i*b + 378 = c*b. List the prime factors of b.
2, 3
Suppose -f = -0*f + 10. Let d(r) be the third derivative of -r**4/4 - 7*r**3/6 + 3*r**2. What are the prime factors of d(f)?
53
Let p(b) = -64*b - 59. What are the prime factors of p(-5)?
3, 29
Let d(i) = i**3 + 15*i**2 + 15*i + 19. Let b be d(-14). Suppose v + 118 = b*f, 3*f + f + 5*v = 77. Suppose -8 = 5*w - f. List the prime factors of w.
3
Suppose 0 = -2*m, -m - 12 = -2*t - 0*m. Let k be 44/t + 10/(-30). List the prime factors of (2/(-6))/(k/(-1050)).
2, 5
Let p(v) = -v**2 - 27*v - 37. Let h be p(-25). Let a = h - -8. List the prime factors of a.
3, 7
Suppose d - 78 = 4*z, -7*z = -2*d - 2*z + 168. Let c = d + -53. Let t = -3 + c. What are the prime factors of t?
2, 19
Let h(n) = n**2 - 13. Let l be h(4). Suppose l*o - 7*o = 2*p - 744, 0 = 2*o + 4*p - 360. List the prime factors of o.
2, 47
List the prime factors of 139 + 6 - (6 + 0)/2.
2, 71
List the prime factors of 732 + (-13)/((-104)/(-24)).
3
Let f(b) = 2*b**2 - 2*b - 6. Let j be f(-5). Suppose 2*a + 4*m = j, -m + 90 = -a + 6*a. List the prime factors of a.
17
Let h(i) = i**2 + 9*i + 10. Let v be h(-8). Let a be -3 + 1 - (-28)/v. Let b = a - 7. What are the prime factors of b?
5
Let a = 707 + -203. What are the prime factors of a?
2, 3, 7
Let y(t) = 1 - t - 3*t - 4 + 20. List the prime factors of y(-12).
5, 13
Let w(z) = 3*z**2 + 4. Suppose -5*v + 6*v = 21. Let d = 19 - v. List the prime factors of w(d).
2
Let c(x) = -4*x + 16. Let a = 12 - 18. Let j be 84/(-15) + a/15. List the prime factors of c(j).
2, 5
List the prime factors of 24/54 + 3*10864/54.
2, 151
Suppose 0 = 2*p - 5*p + 15. Suppose n + 1 = p. Suppose n*m = 121 - 33. What are the prime factors of m?
2, 11
Suppose -5*g + 3*n = -2*n - 30, -2*n = -3*g + 16. Suppose g*d - 387 - 125 = 0. List the prime factors of d.
2
Suppose -4*d + 8*d = 400. Suppose -4*k = k - d. Suppose -2*j - k = -2*p - j, 2*j - 48 = -4*p. What are the prime factors of p?
11
Suppose 21*m = 18*m - 3*p + 3729, -2*m + p + 2492 = 0. List the prime factors of m.
3, 5, 83
Let l be (-2)/(-5) - (-9383)/55. Suppose -4*g = -b - 321, -5*g + l = -3*g + 3*b. List the prime factors of g.
3
Let p = -58 - -65. Suppose -p*u - 2086 = -21*u. What are the prime factors of u?
149
Let b(d) = 11*d**3 - 5*d**2 + 2*d + 5. List the prime factors of b(3).
263
Let y = -19 - -11. Let v(d) = -3*d**3 + 5*d**2 + 9*d - 4. Let u(n) = -2*n**3 + 6*n**2 + 9*n - 4. Let i(j) = -4*u(j) + 3*v(j). List the prime factors of i(y).
2, 3
Let f(l) = 69*l**2 - 6*l - 14. List the prime factors of f(-4).
2, 557
Let p(n) = 3*n - 2. Let t be 5/25 - 21/5. Let g(i) = -2*i + 1. Let f(b) = t*p(b) - 5*g(b). List the prime factors of f(-5).
13
Let m = -565 - -842. What are the prime factors of m?
277
Suppose -2*y - a - 4*a = 16, -36 = 2*y - 5*a. Let p(f) = f**3 + 13*f**2 + 6*f - 4. Let l be p(y). What are the prime factors of (l/4)/((-3)/6)?
41
Suppose 9*j - 9552 = -3315. What are the prime factors of j?
3, 7, 11
Suppose -393 = 2*i - 427. List the prime factors of i.
17
Suppose -16*o = 2*o - 7722. What are the prime factors of o?
3, 11, 13
Let c = 32 + -22. What are the prime factors of 5*((c - 7) + 126/10)?
2, 3, 13
Suppose 5*a = -5*s - 130 + 3270, -5*s + 3142 = 4*a. List the prime factors of s.
2, 3, 5, 7
Suppose -3*q - 63 = -10*q. Let f be (-34)/q - (-34)/(-153). List the prime factors of (-4 - f - -2)*26.
2, 13
Let g be 4/(0 + 2/(-3)). Let u(d) = -30*d + 27. What are the prime factors of u(g)?
3, 23
Suppose -5*o = -337 - 543. Let u be o/24 + (-1)/3. Let r(w) = 2*w**2 - 9*w + 1. List the prime factors of r(u).
2, 3
Suppose -5*k - 4*f = -3*k - 20, 4*k - f = 4. Let d be (-2 - -1 - -1)/k. List the prime factors of (d/(-2) - 3) + 26.
23
Let w be (-6)/2 - (-6)/(-1). Let i be ((-75)/w + -3)*3. Let q = i + -3. What are the prime factors of q?
13
Let c(h) = h**3 + 9*h**2 - 6*h - 16. Let p be c(-9). Suppose 2*f = 2*x - p, -x - f + 1 = -14. List the prime factors of x.
17
What are the prime factors of ((-1617)/14 + -1)*(-8)/2?
2, 233
Suppose 3*q = 4*h - 48 - 4, 0 = 2*h - q - 24. Let m = 366 - 162. Suppose h*x - 14*x + m = 0. What are the prime factors of x?
3, 17
Let j = -168 + 171. List the prime factors of j/(15/25)*32.
2, 5
What are the prime factors of (-2)/4 + 6018/12 + -1?
2, 5
Let l(c) = -2*c**3 - 5*c**2 - 9*c - 24. What are the prime factors of l(-3)?
2, 3
Let b(z) be the third derivative of 31*z**4/12 + z**3/6 + 5*z**2. What are the prime factors of b(1)?
3, 7
Let o = -55 - -109. What are the prime factors of o?
2, 3
Let n = -1378 - -1968. What are the prime factors of n?
2, 5, 59
Let v(p) = -p + 6. Let a be v(4). Suppose 3*u = 6, -i - 3*u = -63 - a. What are the prime factors of i?
59
Suppose 85 = 7*a - 2*a. List the prime factors of a.
17
Let f be (-2)/(-3) - (2 - 16/12). Suppose 4*l - l - 549 = -3*t, f = 2*l + 5*t - 378. List the prime factors of l.
179
Suppose 4*y - 4*i = 28, 0 = 4*y + 2*i - 15 + 5. Suppose n = 3*d + 13 - 2, 3*n - y*d = 53. What are the prime factors of n?
23
Let z(s) = -5*s + 6. Let r be z(4). Let q = 22 + r. What are the prime factors of q?
2
Suppose -3*x - 130 = -2*l, -4*l + 65 = -3*l + 3*x. List the prime factors of l.
5, 13
Let y(g) = -3*g**3 - g**2 - 34*g + 1. What are the prime factors of y(-7)?
23, 53
Let j = 5851 - 1323. List the prime factors of j.
2, 283
Let p = 720 + -383. List the prime factors of p.
337
Suppose 2*z + 35 = 7*z. Suppose -8*h + 70 = -z*h. What are the prime factors of h?
2, 5, 7
Suppose -3*h + 301 = -v, -2*v + 252 = 2*h + 54. List the prime factors of h.
2, 5
Let c(a) = 233*a**2 - 6*a + 9. What are the prime factors of c(2)?
929
Let o(q) = -35 + 1 - 7*q - 17 + 11. What are the prime factors of o(-18)?
2, 43
Let u(a) = 9*a**2 + 11*a - 70. List the prime factors of u(10).
2, 5, 47
Let w be 4/10*(17 + -2). Let g(m) = 10*m - 10. Let y be g(15). List the prime factors of (w/10)/(4/y).
3, 7
Suppose 33*q - 218943 = -20*q. What are the prime factors of q?
3, 17
Suppose 73 = -3*t + 631. Let y = -96 + t. List the prime factors of y.
2, 3, 5
Suppose -5*l = t - 288, 68 = l - 5*t - 0*t. Let o = -5 + 8. Suppose j = o*j - l. List the prime factors of j.
29
Suppose -f + 4*w + 3763 = 0, 3*f - 127*w + 126*w - 11256 = 0. What are the prime factors of f?
11, 31
Let x = 2559 - 2437. List the prime factors of x.
2, 61
Let q = -1 - -13. Let j = -7 + q. Suppose 4*p - 16 = -o, -2*o + 27 = 3*p - j*o. What are the prime factors of p?
5
Let o(k) = k**2 + 2*k. Let x(a) = -6*a**2 - 33*a - 10. Let u(q) = -3*o(q) - x(q). List the prime factors of u(-12).
2, 59
Let g = -16 + 11. Suppose -4*w - 23 = 273. List the prime factors of g/(-15) - w/3.
5
Let k be 14/3*36/14. Let b be (-24)/(-4)*4/k. List the prime factors of b/(-3) - 202/(-6).
3, 11
Suppose -5*w + 120 = 5*b, 124 = 5*w - 3*b + 7*b. Suppose 3*s - w = -4*y - 2*s, -3*y = 5*s - 16. List the prime factors of y.
2, 3
Suppose 0 = -5*m - 10*m - 30. What are the prime factors of 5 - (4 + m) - -241?
2, 61
Let u = 6889 - 3071. What are the prime factors of u?
2, 23, 83
Let l = -275 - -478. What are the prime factors of l?
7, 29
Let m = 1046 + -933. List the prime factors of m.
113
Suppose 5*s = 7*s + 6. Let w be 3 + s + 3 + -1. Suppose -36 = -p - 4*g - 6, -48 = -w*p + 4*g. What are the prime factors of p?
2, 13
Let y = 2965 + -245. What are the prime factors of y?
2, 5, 17
List the prime factors of (1 + 112/(-20))/((-1)/35).
7, 23
Let b = -1 - 5. Let a = -88 + 69. Let w = b - a. What are the prime factors of w?
13
Let x = -1341 - -2145. What are the prime factors of x?
2, 3, 67
List the prime factors of -2 - 132/(-69) - 229090/(-115).
2, 3, 83
Let w(n) = -n**2 - 19*n - 5. Let p 